{"id":2845,"date":"2022-07-04T17:38:57","date_gmt":"2022-07-04T17:38:57","guid":{"rendered":"https:\/\/e-sais.com\/cajapopularrosario\/?page_id=1767"},"modified":"2025-11-04T10:50:00","modified_gmt":"2025-11-04T17:50:00","slug":"proteccion-funeral","status":"publish","type":"page","link":"https:\/\/e-sais.com\/cajapopularrosario\/proteccion-funeral\/","title":{"rendered":"Protecci\u00f3n Funeral"},"content":{"rendered":"\n  <div class=\"banner has-hover\" id=\"banner-359849660\">\n          <div class=\"banner-inner fill\">\n        <div class=\"banner-bg fill\" >\n            <img loading=\"lazy\" decoding=\"async\" width=\"1920\" height=\"1080\" src=\"https:\/\/e-sais.com\/cajapopularrosario\/wp-content\/uploads\/2025\/11\/proteccion-funeral-bg.jpg\" class=\"bg attachment-original size-original\" alt=\"\" \/>                                    \n                    <\/div>\n\t\t\n        <div class=\"banner-layers container\">\n            <div class=\"fill banner-link\"><\/div>            \n\t<div class=\"img has-hover x50 md-x5 lg-x5 y30 md-y50 lg-y50\" id=\"image_235429826\">\n\t\t\t\t<div data-parallax-fade=\"true\" data-parallax=\"-5\">\t\t<div data-animate=\"fadeInRight\">\t\t<div class=\"img-inner box-shadow-3 dark\" >\n\t\t\t<img loading=\"lazy\" decoding=\"async\" width=\"971\" height=\"399\" src=\"https:\/\/e-sais.com\/cajapopularrosario\/wp-content\/uploads\/2025\/09\/proteccion-funeral.png\" class=\"attachment-large size-large\" alt=\"\" srcset=\"https:\/\/e-sais.com\/cajapopularrosario\/wp-content\/uploads\/2025\/09\/proteccion-funeral.png 971w, https:\/\/e-sais.com\/cajapopularrosario\/wp-content\/uploads\/2025\/09\/proteccion-funeral-300x123.png 300w, https:\/\/e-sais.com\/cajapopularrosario\/wp-content\/uploads\/2025\/09\/proteccion-funeral-768x316.png 768w\" sizes=\"auto, (max-width: 971px) 100vw, 971px\" \/>\t\t\t\t\t\t\n\t\t\t\t\t<\/div>\n\t\t<\/div>\t\t<\/div>\t\t\t\t\n<style>\n#image_235429826 {\n  width: 91%;\n}\n@media (min-width:550px) {\n  #image_235429826 {\n    width: 43%;\n  }\n}\n<\/style>\n\t<\/div>\n\t\n        <\/div>\n      <\/div>\n\n            \n<style>\n#banner-359849660 {\n  padding-top: 500px;\n}\n#banner-359849660 .banner-bg img {\n  object-position: 47% 52%;\n}\n<\/style>\n  <\/div>\n\n\n\n\t<section class=\"section\" id=\"section_2008413608\">\n\t\t<div class=\"section-bg fill\" >\n\t\t\t\t\t\t\t\t\t\n\t\t\t\n\n\t\t<\/div>\n\n\t\t\n\n\t\t<div class=\"section-content relative\">\n\t\t\t\n<div class=\"row align-center\"  id=\"row-593906304\">\n\n\t<div id=\"col-698240788\" class=\"col medium-6 small-12 large-6\"  >\n\t\t\t\t<div class=\"col-inner text-center\"  >\n\t\t\t\n\t\t\t\n<div class=\"p-gma2503 pagelayer-collapse pagelayer-animation-grow\">\n<div class=\"pagelayer-collapse-holder\" data-icon=\"fas fa-book-reader\" data-active_icon=\"fas fa-minus\">\n<div class=\"p-j7n537 pagelayer-accordion_item active\">\n<div class=\"pagelayer-accordion-panel\">\n<div class=\"p-nfw7825 pagelayer-inner_row pagelayer-row-stretch-auto pagelayer-height-default\">\n<div class=\"pagelayer-row-holder pagelayer-row pagelayer-auto pagelayer-width-auto\">\n<div class=\"p-7mc1184 pagelayer-col\">\n<div class=\"pagelayer-col-holder\">\n<div class=\"p-vqy2698 pagelayer-list\">\n<div class=\"p-vuu480 pagelayer-list_item\">\n<div class=\"p-a7u2796 pagelayer-list\">\n<div class=\"p-flx2349 pagelayer-list_item\">\n<h2 style=\"text-align: center;\"><a class=\"pagelayer-accordion-tabs\">Caracter\u00edsticas<\/a><\/h2>\n<div class=\"p-z042172 pagelayer-list\">\n<div class=\"p-ykr547 pagelayer-list_item\">\n<div class=\"p-uhv5717 pagelayer-list\" style=\"text-align: left;\">\n<div class=\"p-zvv8071 pagelayer-list_item\">\n<ul>\n<li class=\"pagelayer-list-li\"><span class=\"pagelayer-list-icon-holder\"><span class=\"pagelayer-list-item\">Apoyo econ\u00f3mico por un monto total de $15,000.00 para el beneficiario designado por el socio finado.\u00a0<\/span><\/span><\/li>\n<\/ul>\n<\/div>\n<\/div>\n<div class=\"p-pyf4140 pagelayer-list\" style=\"text-align: left;\">\n<div class=\"p-xbt3237 pagelayer-list_item\">\n<ul>\n<li class=\"pagelayer-list-li\"><span class=\"pagelayer-list-icon-holder\"><i class=\"pagelayer-list-icon fas fa-chevron-right\"><\/i><span class=\"pagelayer-list-item\">El socio finado deber\u00e1 haber tenido en su cuenta de ahorro adulto y\/o garant\u00eda l\u00edquida, un saldo igual o mayor a $1,500.00 (Mil quinientos pesos 00\/100 m.n.) al momento de su deceso y que no sea depositado de \u00faltimo momento.\u00a0<br \/><\/span><\/span><\/li>\n<\/ul>\n<\/div>\n<\/div>\n<div class=\"p-tyi5299 pagelayer-list\" style=\"text-align: left;\">\n<div class=\"p-7um9123 pagelayer-list_item\">\n<ul>\n<li class=\"pagelayer-list-li\">\n<p>El socio debe de cumplir una antig\u00fcedad m\u00ednima de seis meses de haber ingresado.\u00a0\u00a0<\/p>\n<\/li>\n<\/ul>\n<\/div>\n<\/div>\n<div class=\"p-gcc4420 pagelayer-list\" style=\"text-align: left;\">\n<div class=\"p-xrm3988 pagelayer-list_item\">\n<ul>\n<li class=\"pagelayer-list-li\"><span class=\"pagelayer-list-icon-holder\"><i class=\"pagelayer-list-icon fas fa-chevron-right\"><\/i><span class=\"pagelayer-list-item\">Socios de reci\u00e9n ingreso, en caso de muerte accidental o violenta no requerir\u00e1n la antig\u00fcedad de 6 meses, pero s\u00ed el saldo m\u00ednimo en ahorro de $1,500.00 (mil quinientos pesos 00\/100 m.n.).<br \/><\/span><\/span><\/li>\n<\/ul>\n<\/div>\n<\/div>\n<div class=\"p-7lp6975 pagelayer-list\">\n<div class=\"p-rzi90 pagelayer-list_item\">\n<ul>\n<li class=\"pagelayer-list-li\" style=\"text-align: left;\"><span class=\"pagelayer-list-icon-holder\"><i class=\"pagelayer-list-icon fas fa-chevron-right\"><\/i><span class=\"pagelayer-list-item\"><span>En caso de socios finados con cr\u00e9ditos no deber\u00e1n de rebasar los 60 d\u00edas de morosidad, incluyendo los cr\u00e9ditos de un solo pago.\u00a0<\/span><\/span><\/span><\/li>\n<\/ul>\n<\/div>\n<\/div>\n<\/div>\n<\/div>\n<\/div>\n<\/div>\n<\/div>\n<\/div>\n<\/div>\n<\/div>\n<\/div>\n<\/div>\n<\/div>\n<\/div>\n<\/div>\n<\/div>\n\t\t<\/div>\n\t\t\t\t\t<\/div>\n\n\t\n<\/div>\n\t\t<\/div>\n\n\t\t\n<style>\n#section_2008413608 {\n  padding-top: 60px;\n  padding-bottom: 60px;\n  min-height: 300px;\n  background-color: rgb(245, 245, 245);\n}\n<\/style>\n\t<\/section>\n\t\n","protected":false},"excerpt":{"rendered":"","protected":false},"author":1,"featured_media":0,"parent":0,"menu_order":0,"comment_status":"closed","ping_status":"closed","template":"page-blank.php","meta":{"footnotes":""},"class_list":["post-2845","page","type-page","status-publish","hentry"],"_links":{"self":[{"href":"https:\/\/e-sais.com\/cajapopularrosario\/wp-json\/wp\/v2\/pages\/2845","targetHints":{"allow":["GET"]}}],"collection":[{"href":"https:\/\/e-sais.com\/cajapopularrosario\/wp-json\/wp\/v2\/pages"}],"about":[{"href":"https:\/\/e-sais.com\/cajapopularrosario\/wp-json\/wp\/v2\/types\/page"}],"author":[{"embeddable":true,"href":"https:\/\/e-sais.com\/cajapopularrosario\/wp-json\/wp\/v2\/users\/1"}],"replies":[{"embeddable":true,"href":"https:\/\/e-sais.com\/cajapopularrosario\/wp-json\/wp\/v2\/comments?post=2845"}],"version-history":[{"count":9,"href":"https:\/\/e-sais.com\/cajapopularrosario\/wp-json\/wp\/v2\/pages\/2845\/revisions"}],"predecessor-version":[{"id":9478,"href":"https:\/\/e-sais.com\/cajapopularrosario\/wp-json\/wp\/v2\/pages\/2845\/revisions\/9478"}],"wp:attachment":[{"href":"https:\/\/e-sais.com\/cajapopularrosario\/wp-json\/wp\/v2\/media?parent=2845"}],"curies":[{"name":"wp","href":"https:\/\/api.w.org\/{rel}","templated":true}]}}